{"id":54959,"date":"2024-10-23T10:34:16","date_gmt":"2024-10-23T08:34:16","guid":{"rendered":"https:\/\/www.freelancermap.de\/blog\/?page_id=54959"},"modified":"2024-10-23T12:19:58","modified_gmt":"2024-10-23T10:19:58","slug":"whitepaper-scheinselbststaendigkeit-fuer-unternehmen","status":"publish","type":"page","link":"https:\/\/www.freelancermap.ch\/blog\/whitepaper-scheinselbststaendigkeit-fuer-unternehmen\/","title":{"rendered":"Whitepaper Scheinselbst-st\u00e4ndigkeit f\u00fcr Unternehmen"},"content":{"rendered":"\n<p>In unserem kostenlosen Whitepaper erf\u00e4hrst du, wie du die Risiken einer Scheinselbstst\u00e4ndigkeit fr\u00fchzeitig erkennst und vermeidest. <\/p>\n\n\n<style>.wp-block-kadence-advancedbtn.kb-btns54959_73083d-a7{gap:var(--global-kb-gap-xs, 0.5rem );justify-content:flex-start;align-items:center;}.kt-btns54959_73083d-a7 .kt-button{font-weight:normal;font-style:normal;}.kt-btns54959_73083d-a7 .kt-btn-wrap-0{margin-right:5px;}.wp-block-kadence-advancedbtn.kt-btns54959_73083d-a7 .kt-btn-wrap-0 .kt-button{color:#555555;border-color:#555555;}.wp-block-kadence-advancedbtn.kt-btns54959_73083d-a7 .kt-btn-wrap-0 .kt-button:hover, .wp-block-kadence-advancedbtn.kt-btns54959_73083d-a7 .kt-btn-wrap-0 .kt-button:focus{color:#ffffff;border-color:#444444;}.wp-block-kadence-advancedbtn.kt-btns54959_73083d-a7 .kt-btn-wrap-0 .kt-button::before{display:none;}.wp-block-kadence-advancedbtn.kt-btns54959_73083d-a7 .kt-btn-wrap-0 .kt-button:hover, .wp-block-kadence-advancedbtn.kt-btns54959_73083d-a7 .kt-btn-wrap-0 .kt-button:focus{background:#444444;}<\/style>\n<div class=\"wp-block-kadence-advancedbtn kb-buttons-wrap kb-btns54959_73083d-a7\"><style>ul.menu .wp-block-kadence-advancedbtn .kb-btn54959_f55996-0b.kb-button{width:initial;}.wp-block-kadence-advancedbtn .kb-btn54959_f55996-0b.kb-button{color:#222222;background:#f0d873;border-top-left-radius:30px;border-top-right-radius:30px;border-bottom-right-radius:30px;border-bottom-left-radius:30px;}.wp-block-kadence-advancedbtn .kb-btn54959_f55996-0b.kb-button:hover, .wp-block-kadence-advancedbtn .kb-btn54959_f55996-0b.kb-button:focus{color:#ffffff;background:#222222;border-top-left-radius:30px;border-top-right-radius:30px;border-bottom-right-radius:30px;border-bottom-left-radius:30px;}<\/style><a class=\"kb-button kt-button button kb-btn54959_f55996-0b kt-btn-size-standard kt-btn-width-type-auto kb-btn-global-fill  kt-btn-has-text-true kt-btn-has-svg-false  wp-block-kadence-singlebtn\" href=\"\/registrieren?ref=blog-whitepaper-scheinselbststaendigkeit-unternehmen\"><span class=\"kt-btn-inner-text\">Kostenlos registrieren &amp; downloaden<\/span><\/a><\/div>\n\n\n<style>.wp-block-kadence-advancedheading.kt-adv-heading54959_c5f3de-a8, .wp-block-kadence-advancedheading.kt-adv-heading54959_c5f3de-a8[data-kb-block=\"kb-adv-heading54959_c5f3de-a8\"]{margin-top:0px;margin-left:var(--global-kb-spacing-xs, 1rem);font-size:14px;font-style:normal;color:#222222;}.wp-block-kadence-advancedheading.kt-adv-heading54959_c5f3de-a8 mark.kt-highlight, .wp-block-kadence-advancedheading.kt-adv-heading54959_c5f3de-a8[data-kb-block=\"kb-adv-heading54959_c5f3de-a8\"] mark.kt-highlight{font-style:normal;color:#f76a0c;-webkit-box-decoration-break:clone;box-decoration-break:clone;padding-top:0px;padding-right:0px;padding-bottom:0px;padding-left:0px;}.wp-block-kadence-advancedheading.kt-adv-heading54959_c5f3de-a8 img.kb-inline-image, .wp-block-kadence-advancedheading.kt-adv-heading54959_c5f3de-a8[data-kb-block=\"kb-adv-heading54959_c5f3de-a8\"] img.kb-inline-image{width:150px;vertical-align:baseline;}.wp-block-kadence-advancedheading.kt-adv-heading54959_c5f3de-a8[data-kb-block=\"kb-adv-heading54959_c5f3de-a8\"] a, .kt-adv-heading-link54959_c5f3de-a8, .kt-adv-heading-link54959_c5f3de-a8 .kt-adv-heading54959_c5f3de-a8[data-kb-block=\"kb-adv-heading54959_c5f3de-a8\"]{color:#0a409b;}<\/style>\n<a href=\"\/dashboard\/resourcen\" class=\"kb-advanced-heading-link kt-adv-heading-link54959_c5f3de-a8\"><p class=\"kt-adv-heading54959_c5f3de-a8 wp-block-kadence-advancedheading\" data-kb-block=\"kb-adv-heading54959_c5f3de-a8\">Bereits angemeldet? Jetzt downloaden<\/p><\/a>\n\n\n\n<p><\/p>\n","protected":false},"excerpt":{"rendered":"<p>In unserem kostenlosen Whitepaper erf\u00e4hrst du, wie du die Risiken einer Scheinselbstst\u00e4ndigkeit fr\u00fchzeitig erkennst und vermeidest. Bereits angemeldet? Jetzt downloaden<\/p>\n","protected":false},"author":40,"featured_media":55012,"parent":0,"menu_order":0,"comment_status":"closed","ping_status":"closed","template":"page-templates\/landing-page-v1.php","meta":{"_acf_changed":false,"kampagne":"","om_disable_all_campaigns":false,"_kad_blocks_custom_css":"","_kad_blocks_head_custom_js":"","_kad_blocks_body_custom_js":"","_kad_blocks_footer_custom_js":"","footnotes":""},"class_list":["post-54959","page","type-page","status-publish","has-post-thumbnail","hentry"],"acf":[],"yoast_head":"<!-- This site is optimized with the Yoast SEO plugin v26.7 - https:\/\/yoast.com\/wordpress\/plugins\/seo\/ -->\n<title>Whitepaper Scheinselbstst\u00e4ndigkeit | jetzt downloaden<\/title>\n<meta name=\"description\" content=\"Damit Freelancer und Unternehmen rechtssicher zusammenarbeiten k\u00f6nnen. Inhalte gepr\u00fcft von Fachanwalt Robert Gollwitzer.\" \/>\n<meta name=\"robots\" content=\"index, follow, max-snippet:-1, max-image-preview:large, max-video-preview:-1\" \/>\n<link rel=\"canonical\" href=\"https:\/\/www.freelancermap.ch\/blog\/whitepaper-scheinselbststaendigkeit-fuer-unternehmen\/\" \/>\n<meta property=\"og:locale\" content=\"de_DE\" \/>\n<meta property=\"og:type\" content=\"article\" \/>\n<meta property=\"og:title\" content=\"Whitepaper Scheinselbstst\u00e4ndigkeit | jetzt downloaden\" \/>\n<meta property=\"og:description\" content=\"Damit Freelancer und Unternehmen rechtssicher zusammenarbeiten k\u00f6nnen. Inhalte gepr\u00fcft von Fachanwalt Robert Gollwitzer.\" \/>\n<meta property=\"og:url\" content=\"https:\/\/www.freelancermap.ch\/blog\/whitepaper-scheinselbststaendigkeit-fuer-unternehmen\/\" \/>\n<meta property=\"og:site_name\" content=\"Freelancer Blog\" \/>\n<meta property=\"article:modified_time\" content=\"2024-10-23T10:19:58+00:00\" \/>\n<meta property=\"og:image\" content=\"https:\/\/img-cdn.freelancermap.de\/blog\/dach\/mockup-whitepaper-scheinselbstaendigkeit-unternehmen.png\" \/>\n\t<meta property=\"og:image:width\" content=\"1800\" \/>\n\t<meta property=\"og:image:height\" content=\"1800\" \/>\n\t<meta property=\"og:image:type\" content=\"image\/png\" \/>\n<meta name=\"twitter:card\" content=\"summary_large_image\" \/>\n<script type=\"application\/ld+json\" class=\"yoast-schema-graph\">{\"@context\":\"https:\/\/schema.org\",\"@graph\":[{\"@type\":\"WebPage\",\"@id\":\"https:\/\/www.freelancermap.ch\/blog\/whitepaper-scheinselbststaendigkeit-fuer-unternehmen\/\",\"url\":\"https:\/\/www.freelancermap.ch\/blog\/whitepaper-scheinselbststaendigkeit-fuer-unternehmen\/\",\"name\":\"Whitepaper Scheinselbstst\u00e4ndigkeit | jetzt downloaden\",\"isPartOf\":{\"@id\":\"https:\/\/www.freelancermap.de\/blog\/#website\"},\"primaryImageOfPage\":{\"@id\":\"https:\/\/www.freelancermap.ch\/blog\/whitepaper-scheinselbststaendigkeit-fuer-unternehmen\/#primaryimage\"},\"image\":{\"@id\":\"https:\/\/www.freelancermap.ch\/blog\/whitepaper-scheinselbststaendigkeit-fuer-unternehmen\/#primaryimage\"},\"thumbnailUrl\":\"https:\/\/img-cdn.freelancermap.de\/blog\/dach\/mockup-whitepaper-scheinselbstaendigkeit-unternehmen.png\",\"datePublished\":\"2024-10-23T08:34:16+00:00\",\"dateModified\":\"2024-10-23T10:19:58+00:00\",\"description\":\"Damit Freelancer und Unternehmen rechtssicher zusammenarbeiten k\u00f6nnen. Inhalte gepr\u00fcft von Fachanwalt Robert Gollwitzer.\",\"breadcrumb\":{\"@id\":\"https:\/\/www.freelancermap.ch\/blog\/whitepaper-scheinselbststaendigkeit-fuer-unternehmen\/#breadcrumb\"},\"inLanguage\":\"de\",\"potentialAction\":[{\"@type\":\"ReadAction\",\"target\":[\"https:\/\/www.freelancermap.ch\/blog\/whitepaper-scheinselbststaendigkeit-fuer-unternehmen\/\"]}]},{\"@type\":\"ImageObject\",\"inLanguage\":\"de\",\"@id\":\"https:\/\/www.freelancermap.ch\/blog\/whitepaper-scheinselbststaendigkeit-fuer-unternehmen\/#primaryimage\",\"url\":\"https:\/\/img-cdn.freelancermap.de\/blog\/dach\/mockup-whitepaper-scheinselbstaendigkeit-unternehmen.png\",\"contentUrl\":\"https:\/\/img-cdn.freelancermap.de\/blog\/dach\/mockup-whitepaper-scheinselbstaendigkeit-unternehmen.png\",\"width\":1800,\"height\":1800},{\"@type\":\"BreadcrumbList\",\"@id\":\"https:\/\/www.freelancermap.ch\/blog\/whitepaper-scheinselbststaendigkeit-fuer-unternehmen\/#breadcrumb\",\"itemListElement\":[{\"@type\":\"ListItem\",\"position\":1,\"name\":\"Home\",\"item\":\"https:\/\/www.freelancermap.ch\/blog\/\"},{\"@type\":\"ListItem\",\"position\":2,\"name\":\"Whitepaper Scheinselbst-st\u00e4ndigkeit f\u00fcr Unternehmen\"}]},{\"@type\":\"WebSite\",\"@id\":\"https:\/\/www.freelancermap.de\/blog\/#website\",\"url\":\"https:\/\/www.freelancermap.de\/blog\/\",\"name\":\"Freelancer Blog\",\"description\":\"Trends, Ratgeber &amp; Fakten f\u00fcr Freelancer und Auftraggeber\",\"potentialAction\":[{\"@type\":\"SearchAction\",\"target\":{\"@type\":\"EntryPoint\",\"urlTemplate\":\"https:\/\/www.freelancermap.de\/blog\/?s={search_term_string}\"},\"query-input\":{\"@type\":\"PropertyValueSpecification\",\"valueRequired\":true,\"valueName\":\"search_term_string\"}}],\"inLanguage\":\"de\"}]}<\/script>\n<!-- \/ Yoast SEO plugin. -->","yoast_head_json":{"title":"Whitepaper Scheinselbstst\u00e4ndigkeit | jetzt downloaden","description":"Damit Freelancer und Unternehmen rechtssicher zusammenarbeiten k\u00f6nnen. Inhalte gepr\u00fcft von Fachanwalt Robert Gollwitzer.","robots":{"index":"index","follow":"follow","max-snippet":"max-snippet:-1","max-image-preview":"max-image-preview:large","max-video-preview":"max-video-preview:-1"},"canonical":"https:\/\/www.freelancermap.ch\/blog\/whitepaper-scheinselbststaendigkeit-fuer-unternehmen\/","og_locale":"de_DE","og_type":"article","og_title":"Whitepaper Scheinselbstst\u00e4ndigkeit | jetzt downloaden","og_description":"Damit Freelancer und Unternehmen rechtssicher zusammenarbeiten k\u00f6nnen. Inhalte gepr\u00fcft von Fachanwalt Robert Gollwitzer.","og_url":"https:\/\/www.freelancermap.ch\/blog\/whitepaper-scheinselbststaendigkeit-fuer-unternehmen\/","og_site_name":"Freelancer Blog","article_modified_time":"2024-10-23T10:19:58+00:00","og_image":[{"width":1800,"height":1800,"url":"https:\/\/img-cdn.freelancermap.de\/blog\/dach\/mockup-whitepaper-scheinselbstaendigkeit-unternehmen.png","type":"image\/png"}],"twitter_card":"summary_large_image","schema":{"@context":"https:\/\/schema.org","@graph":[{"@type":"WebPage","@id":"https:\/\/www.freelancermap.ch\/blog\/whitepaper-scheinselbststaendigkeit-fuer-unternehmen\/","url":"https:\/\/www.freelancermap.ch\/blog\/whitepaper-scheinselbststaendigkeit-fuer-unternehmen\/","name":"Whitepaper Scheinselbstst\u00e4ndigkeit | jetzt downloaden","isPartOf":{"@id":"https:\/\/www.freelancermap.de\/blog\/#website"},"primaryImageOfPage":{"@id":"https:\/\/www.freelancermap.ch\/blog\/whitepaper-scheinselbststaendigkeit-fuer-unternehmen\/#primaryimage"},"image":{"@id":"https:\/\/www.freelancermap.ch\/blog\/whitepaper-scheinselbststaendigkeit-fuer-unternehmen\/#primaryimage"},"thumbnailUrl":"https:\/\/img-cdn.freelancermap.de\/blog\/dach\/mockup-whitepaper-scheinselbstaendigkeit-unternehmen.png","datePublished":"2024-10-23T08:34:16+00:00","dateModified":"2024-10-23T10:19:58+00:00","description":"Damit Freelancer und Unternehmen rechtssicher zusammenarbeiten k\u00f6nnen. Inhalte gepr\u00fcft von Fachanwalt Robert Gollwitzer.","breadcrumb":{"@id":"https:\/\/www.freelancermap.ch\/blog\/whitepaper-scheinselbststaendigkeit-fuer-unternehmen\/#breadcrumb"},"inLanguage":"de","potentialAction":[{"@type":"ReadAction","target":["https:\/\/www.freelancermap.ch\/blog\/whitepaper-scheinselbststaendigkeit-fuer-unternehmen\/"]}]},{"@type":"ImageObject","inLanguage":"de","@id":"https:\/\/www.freelancermap.ch\/blog\/whitepaper-scheinselbststaendigkeit-fuer-unternehmen\/#primaryimage","url":"https:\/\/img-cdn.freelancermap.de\/blog\/dach\/mockup-whitepaper-scheinselbstaendigkeit-unternehmen.png","contentUrl":"https:\/\/img-cdn.freelancermap.de\/blog\/dach\/mockup-whitepaper-scheinselbstaendigkeit-unternehmen.png","width":1800,"height":1800},{"@type":"BreadcrumbList","@id":"https:\/\/www.freelancermap.ch\/blog\/whitepaper-scheinselbststaendigkeit-fuer-unternehmen\/#breadcrumb","itemListElement":[{"@type":"ListItem","position":1,"name":"Home","item":"https:\/\/www.freelancermap.ch\/blog\/"},{"@type":"ListItem","position":2,"name":"Whitepaper Scheinselbst-st\u00e4ndigkeit f\u00fcr Unternehmen"}]},{"@type":"WebSite","@id":"https:\/\/www.freelancermap.de\/blog\/#website","url":"https:\/\/www.freelancermap.de\/blog\/","name":"Freelancer Blog","description":"Trends, Ratgeber &amp; Fakten f\u00fcr Freelancer und Auftraggeber","potentialAction":[{"@type":"SearchAction","target":{"@type":"EntryPoint","urlTemplate":"https:\/\/www.freelancermap.de\/blog\/?s={search_term_string}"},"query-input":{"@type":"PropertyValueSpecification","valueRequired":true,"valueName":"search_term_string"}}],"inLanguage":"de"}]}},"taxonomy_info":[],"featured_image_src_large":["https:\/\/img-cdn.freelancermap.de\/blog\/dach\/mockup-whitepaper-scheinselbstaendigkeit-unternehmen.png",640,640,false],"author_info":{"display_name":"Karoline Grimm","author_link":"https:\/\/www.freelancermap.ch\/blog\/author\/karoline-grimm\/"},"comment_info":0,"_links":{"self":[{"href":"https:\/\/www.freelancermap.ch\/blog\/wp-json\/wp\/v2\/pages\/54959","targetHints":{"allow":["GET"]}}],"collection":[{"href":"https:\/\/www.freelancermap.ch\/blog\/wp-json\/wp\/v2\/pages"}],"about":[{"href":"https:\/\/www.freelancermap.ch\/blog\/wp-json\/wp\/v2\/types\/page"}],"author":[{"embeddable":true,"href":"https:\/\/www.freelancermap.ch\/blog\/wp-json\/wp\/v2\/users\/40"}],"replies":[{"embeddable":true,"href":"https:\/\/www.freelancermap.ch\/blog\/wp-json\/wp\/v2\/comments?post=54959"}],"version-history":[{"count":6,"href":"https:\/\/www.freelancermap.ch\/blog\/wp-json\/wp\/v2\/pages\/54959\/revisions"}],"predecessor-version":[{"id":55048,"href":"https:\/\/www.freelancermap.ch\/blog\/wp-json\/wp\/v2\/pages\/54959\/revisions\/55048"}],"wp:featuredmedia":[{"embeddable":true,"href":"https:\/\/www.freelancermap.ch\/blog\/wp-json\/wp\/v2\/media\/55012"}],"wp:attachment":[{"href":"https:\/\/www.freelancermap.ch\/blog\/wp-json\/wp\/v2\/media?parent=54959"}],"curies":[{"name":"wp","href":"https:\/\/api.w.org\/{rel}","templated":true}]}}